{"id":16,"date":"2023-12-25T10:54:11","date_gmt":"2023-12-25T09:54:11","guid":{"rendered":"https:\/\/www.escrimevelizy.fr\/?page_id=16"},"modified":"2025-09-07T10:21:36","modified_gmt":"2025-09-07T08:21:36","slug":"tarifs","status":"publish","type":"page","link":"https:\/\/www.escrimevelizy.fr\/?page_id=16","title":{"rendered":"Tarifs"},"content":{"rendered":"\n<figure class=\"wp-block-table is-style-regular has-small-font-size\"><table class=\"has-fixed-layout\"><thead><tr><th>Tarifs 2023\/2024<\/th><th>Jeunes de moins de 10 ans<\/th><th>Jeunes d&#8217;au moins 10 ans<br>Adultes<\/th><th>Pass 15 s\u00e9ances<sup>2<\/sup> (tout \u00e2ge)<\/th><\/tr><\/thead><tbody><tr><td>V\u00e9lizien<sup>1<\/sup><\/td><td>250 \u20ac<\/td><td>270 \u20ac<\/td><td>170 \u20ac<\/td><\/tr><tr><td>Non-V\u00e9lizien<\/td><td>315 \u20ac<\/td><td>330 \u20ac<\/td><td>170 \u20ac<\/td><\/tr><\/tbody><\/table><figcaption class=\"wp-element-caption\"><sup>1<\/sup> V\u00e9lizien : habite ou travaille \u00e0 V\u00e9lizy.<br><sup>2<\/sup> Pass 15 s\u00e9ances : permet d&#8217;assister \u00e0 15 cours dans l&#8217;ann\u00e9e. \u00c0 partir du 16\u00e8me cours, nous vous demanderons de passer \u00e0 une inscription annuelle, en payant la diff\u00e9rence.<\/figcaption><\/figure>\n\n\n\n<p><\/p>\n\n\n\n<p>2 s\u00e9ances d&#8217;essai sont gratuites.<\/p>\n\n\n\n<p><\/p>\n\n\n\n<figure class=\"wp-block-image size-large\"><img loading=\"lazy\" decoding=\"async\" width=\"724\" height=\"1024\" src=\"http:\/\/www.escrimevelizy.fr\/wp-content\/uploads\/2024\/09\/QS_Tarifs-pdf-724x1024.jpg\" alt=\"\" class=\"wp-image-214\"\/><\/figure>\n\n\n\n<figure class=\"wp-block-image size-large\"><img loading=\"lazy\" decoding=\"async\" width=\"724\" height=\"1024\" src=\"http:\/\/www.escrimevelizy.fr\/wp-content\/uploads\/2024\/09\/RIB_Tarifs-pdf-724x1024.jpg\" alt=\"\" class=\"wp-image-215\"\/><\/figure>\n\n\n\n<p>Fiche d&#8217;inscription :<\/p>\n\n\n\n<div class=\"wp-block-file\"><a id=\"wp-block-file--media-0bd6a42b-206b-488c-b524-d9726eceed48\" href=\"http:\/\/www.escrimevelizy.fr\/wp-content\/uploads\/2025\/09\/FicheInscription_25_26.docx\">FicheInscription_25_26<\/a><a href=\"http:\/\/www.escrimevelizy.fr\/wp-content\/uploads\/2025\/09\/FicheInscription_25_26.docx\" class=\"wp-block-file__button wp-element-button\" download aria-describedby=\"wp-block-file--media-0bd6a42b-206b-488c-b524-d9726eceed48\">T\u00e9l\u00e9charger<\/a><\/div>\n\n\n\n<p><\/p>\n","protected":false},"excerpt":{"rendered":"<p>Tarifs 2023\/2024 Jeunes de moins de 10 ans Jeunes d&#8217;au moins 10 ansAdultes Pass 15 s\u00e9ances2 (tout \u00e2ge) V\u00e9lizien1 250 \u20ac 270 \u20ac 170 \u20ac Non-V\u00e9lizien 315 \u20ac 330 \u20ac 170 \u20ac 1 V\u00e9lizien : habite ou travaille \u00e0 V\u00e9lizy.2 Pass 15 s\u00e9ances : permet d&#8217;assister \u00e0 15 cours dans l&#8217;ann\u00e9e. \u00c0 partir du 16\u00e8me [&hellip;]<\/p>\n","protected":false},"author":1,"featured_media":0,"parent":0,"menu_order":0,"comment_status":"closed","ping_status":"closed","template":"templates\/template-full-width.php","meta":{"footnotes":""},"class_list":["post-16","page","type-page","status-publish","hentry"],"_links":{"self":[{"href":"https:\/\/www.escrimevelizy.fr\/index.php?rest_route=\/wp\/v2\/pages\/16","targetHints":{"allow":["GET"]}}],"collection":[{"href":"https:\/\/www.escrimevelizy.fr\/index.php?rest_route=\/wp\/v2\/pages"}],"about":[{"href":"https:\/\/www.escrimevelizy.fr\/index.php?rest_route=\/wp\/v2\/types\/page"}],"author":[{"embeddable":true,"href":"https:\/\/www.escrimevelizy.fr\/index.php?rest_route=\/wp\/v2\/users\/1"}],"replies":[{"embeddable":true,"href":"https:\/\/www.escrimevelizy.fr\/index.php?rest_route=%2Fwp%2Fv2%2Fcomments&post=16"}],"version-history":[{"count":17,"href":"https:\/\/www.escrimevelizy.fr\/index.php?rest_route=\/wp\/v2\/pages\/16\/revisions"}],"predecessor-version":[{"id":257,"href":"https:\/\/www.escrimevelizy.fr\/index.php?rest_route=\/wp\/v2\/pages\/16\/revisions\/257"}],"wp:attachment":[{"href":"https:\/\/www.escrimevelizy.fr\/index.php?rest_route=%2Fwp%2Fv2%2Fmedia&parent=16"}],"curies":[{"name":"wp","href":"https:\/\/api.w.org\/{rel}","templated":true}]}}